{"id":5544,"date":"2018-06-13T11:27:56","date_gmt":"2018-06-13T11:27:56","guid":{"rendered":"https:\/\/www.bankweb.com\/lit\/?page_id=5544"},"modified":"2022-07-18T10:35:29","modified_gmt":"2022-07-18T10:35:29","slug":"automobiliams","status":"publish","type":"page","link":"https:\/\/www.bankweb.com\/lit\/automobiliams\/","title":{"rendered":"automobiliams"},"content":{"rendered":"<h1 class=\"kredith1\">Paskolos automobiliams Lietuvoje<\/h1>\n<p>Pastaraisiais metais Lietuvoje itin padaug\u0117jo reklam\u0173, susijusi\u0173 su paskolomis bei greitaisiais kreditais. \u017emon\u0117s, susid\u016br\u0119 su didesniais poreikiais, bet tuo konkre\u010diu metu turintys ma\u017eesnes finansines galimybes, vis da\u017eniau apsvarsto paskol\u0173 \u0117mimo variantus, kurie, regis, yra paprasti ir greitai \u012fgyvendinami.<br \/>\n&nbsp;<\/p>\n<div class=\"fullwidthlan\">\n<div class=\"social-col l\">\n<div class=\"imgblanco\"><span style=\"text-align: center; display: block; padding-bottom: 20px; color: black;\">Bank\u0173 pavyzd\u017eiai su kuriais mes lyginam\u0117s!<\/span> <img loading=\"lazy\" decoding=\"async\" src=\"\/lit\/wp-content\/uploads\/2017\/12\/rsz_paskolos.png\" alt=\"paskolos\" width=\"120\" height=\"30\" class=\"imgblanco\" \/><img loading=\"lazy\" decoding=\"async\" src=\"\/lit\/wp-content\/uploads\/2017\/12\/rsz_vivus-5.png\" alt=\"Vivus\" width=\"120\" height=\"30\" class=\"imgblanco\" \/><img loading=\"lazy\" decoding=\"async\" src=\"\/lit\/wp-content\/uploads\/2017\/12\/rsz_mano_paskola_png.png\" alt=\"mano_paskola\" width=\"120\" height=\"30\" class=\"imgblanco\" \/><img loading=\"lazy\" decoding=\"async\" src=\"\/lit\/wp-content\/uploads\/2017\/12\/rsz_logo-12.png\" alt=\"eurocredit\" width=\"120\" height=\"30\" class=\"imgblanco\" \/><img loading=\"lazy\" decoding=\"async\" src=\"\/lit\/wp-content\/uploads\/2017\/12\/rsz_i24cimgpsh_orig.png\" alt=\"bobutespaskola\" width=\"120\" height=\"30\" class=\"imgblanco\" \/><\/div>\n<\/div>\n<div class=\"c\"><\/div>\n<div class=\"social-colfaq\">\n<p class=\"howmuch\">\u0160tai kaip grupuojamos paskolos:<\/p>\n<ol>\n<li class=\"greenfront1\">Naudokite vir\u0161utin\u012f \u017eymekl\u012f paskolos dyd\u017eiui nustatyti .<\/li>\n<li class=\"greenfront1\">Apatin\u0117je eilut\u0117je \u012fveskite pageidautin\u0105 gr\u0105\u017einimo termin\u0105.<\/li>\n<li class=\"greenfront1\">I\u0161valyta! Nuo \u0161iol visos paskolos yra r\u016b\u0161iuojamos automati\u0161kai.<\/li>\n<\/ol>\n<\/div>\n<\/div>\n<p>&nbsp;<br \/>\n<script type='text\/javascript' src='https:\/\/www.doaff.net\/publisherScript.js?c=hgz'><\/script><br \/>\n&nbsp;<br \/>\nDa\u017eniausios m\u016bs\u0173 \u0161alyje pasitaikan\u010dios paskol\u0173 r\u016b\u0161ys, kaip, ko gero, ir daugelyje kit\u0173 \u0161ali\u0173, yra vartojamosios paskolos, kurios suteikiamos gyventojams j\u0173 asmeniniams poreikiams. Vienas toki\u0173 poreiki\u0173 neabejotinai yra naujo automobilio \u012fsigijimas.<br \/>\n&nbsp;<br \/>\nPaskolos automobilio \u012fsijgijimui Lietuvoje i\u0161duodamos remiantis Lietuvos banko patvirtintais vadinamaisiais \u201eatsakingo skolinimosi nuostatais\u201c, kuomet, kaip ir kitais <a href=\"https:\/\/www.bankweb.com\/lit\/vartojamosios-paskolos\/\">vartojam\u0173j\u0173 paskol\u0173<\/a> teikimo atvejais, bendrov\u0117 ar kredit\u0105 suteikian\u010dios institucijos kruop\u0161\u010diai \u012fvertina paskolos gav\u0117jo finansin\u0119 pad\u0117t\u012f, nustatydamos jo gaunamas pajamas, finansinius \u012fsipareigojimus bei asmens kredito istorij\u0105.<br \/>\n&nbsp;<br \/>\n<img loading=\"lazy\" decoding=\"async\" src=\"https:\/\/www.bankweb.com\/lit\/wp-content\/uploads\/2018\/06\/auto2-1024x566.png\" alt=\"Paskolos automobiliams\" width=\"580\" height=\"321\" class=\"alignnone size-large wp-image-5548\" srcset=\"https:\/\/www.bankweb.com\/lit\/wp-content\/uploads\/2018\/06\/auto2-1024x566.png 1024w, https:\/\/www.bankweb.com\/lit\/wp-content\/uploads\/2018\/06\/auto2-300x166.png 300w, https:\/\/www.bankweb.com\/lit\/wp-content\/uploads\/2018\/06\/auto2-768x425.png 768w, https:\/\/www.bankweb.com\/lit\/wp-content\/uploads\/2018\/06\/auto2.png 1920w\" sizes=\"auto, (max-width: 580px) 100vw, 580px\" \/><br \/>\n&nbsp;<br \/>\nVerta pamin\u0117ti, jog \u012f automobilio paskol\u0173 kategorij\u0105 Lietuvoje patenka bet kokia transporto priemon\u0117: motociklas, automobilis, autobusas, specializuota \u017eem\u0117s \u016bkio technika, statyboms reikalingas transportas ir t.t.<br \/>\n&nbsp;<br \/>\nBesidomintys <a href=\"https:\/\/www.bankweb.com\/lit\/paskolo\/\">paskolomis<\/a> automobiliui \u012fsigyti, tikrai gali atrasti sau tinkamiausi\u0105 variant\u0105 bei bendrov\u0119. Svarbus faktas tas, jog visos bendrov\u0117s prie\u0161 kelet\u0105 met\u0173 i\u0161k\u0117l\u0117 nauj\u0105 reikalavim\u0105 asmenims, norintiems \u012fsigyti automobil\u012f paskol\u0173 pagalba: numatyta, jog minimali norimo \u012fsigyti automobilio kaina turi siekti ne ma\u017eiau kaip 5 t\u016bkstan\u010dius eur\u0173.<br \/>\n&nbsp;<br \/>\nStatistika atskleid\u0117, jog bendrov\u0117s bei kredit\u0105 suteikian\u010dios institucijos da\u017eniausiai si\u016blo standartines paskolas automobiliams, svyruojan\u010dias nuo 500 iki 20 t\u016bkstan\u010di\u0173 eur\u0173, o Lietuvoje \u017emon\u0117s da\u017eniausiai domisi vidutini\u0161kai 4 t\u016bkstan\u010di\u0173 eur\u0173 paskolomis transportui.<br \/>\n&nbsp;<br \/>\nTai taip pat rei\u0161kia, jog \u017emon\u0117s m\u016bs\u0173 \u0161alyje labiau link\u0119 rinktis ekonomi\u0161kesnius automobilius, da\u017enai \u0161ios paskolos naudojamos panaudot\u0173 automobili\u0173 pirkimui, kurios b\u016bna ma\u017eesn\u0117s, ir d\u0117l \u0161ios prie\u017easties jas gr\u0105\u017einti taip pat yra papras\u010diau.<br \/>\n&nbsp;<br \/>\nTuo tarpu besidomintieji autolizingo, o ne standartin\u0117mis paskolomis transportui, da\u017eniau yra link\u0119 rinktis brangesnius ir naujesnius automobilius, o statistika atskleid\u017eia, jog 2017 m. asmenys, \u012fsigij\u0119 automobilius b\u016btent \u0161iuo b\u016bdu, vidutini\u0161kai u\u017e juos mok\u0117jo ma\u017edaug 18 t\u016bkstan\u010di\u0173 eur\u0173.<br \/>\n&nbsp;<br \/>\nKlient\u0173 patogumui, bendrov\u0117s si\u016blo \u012fvairias paskol\u0173 automobiliams variacijas, finansuojant tiek vis\u0105 norimo \u012fsigyti automobilio sum\u0105, tiek ir tiesiog tr\u016bkstam\u0105 sumos dal\u012f. Be to, klientams leid\u017eiama pasirinkti tiek atsiskaitymo laikotarp\u012f, tiek ir m\u0117nesio dien\u0105, kuri\u0105 pageidaujama mok\u0117ti \u012fmokas.<br \/>\n&nbsp;<br \/>\nPaskoloms automobiliams galioja vartojam\u0173j\u0173 paskol\u0173 i\u0161davimo taisykl\u0117s, kurios pabr\u0117\u017eia, jog klientas turi gauti nuolatines finansines pajamas, b\u016bti ne jaunesnis nei 21 met\u0173 am\u017eiaus, o jo \u0161eimos finansiniai \u012fsipareigojimai n\u0117ra didesni kaip 40 procent\u0173.<br \/>\n&nbsp;<br \/>\n\u012edomu tai, jog pradinis \u012fna\u0161as \u0161ios konkre\u010dios paskolos atveju da\u017eniausiai n\u0117ra b\u016btinas.<br \/>\n&nbsp;<br \/>\nPaskolos automobiliui suteikiamos greitai \u2014 da\u017eniausiai j\u0173 suteikimas trunka tiek, kiek ir bet kokios kitos vartojamosios paskolos, kuri\u0173 suteikimo vidurkis svyruoja nuo 15 iki 30 minu\u010di\u0173.<br \/>\n&nbsp;<br \/>\nSvarbu atkreipti d\u0117mes\u012f \u012f tai, jog dauguma kredito bendrovi\u0173 paskol\u0173 automobiliams pal\u016bkanas apibr\u0117\u017eia nuo 8 iki 10 procent\u0173, kuomet trumpiausias galimas jos gr\u0105\u017einimo laikas t\u0117ra 1 m\u0117nesis, o ilgiausias \u2014 net 60 m\u0117nesi\u0173.<br \/>\n&nbsp;<br \/>\n<img loading=\"lazy\" decoding=\"async\" src=\"https:\/\/www.bankweb.com\/lit\/wp-content\/uploads\/2018\/06\/auto-831x1024.jpg\" alt=\"automobiliams Lietuvoje\" width=\"580\" height=\"715\" class=\"alignnone size-large wp-image-5549\" srcset=\"https:\/\/www.bankweb.com\/lit\/wp-content\/uploads\/2018\/06\/auto-831x1024.jpg 831w, https:\/\/www.bankweb.com\/lit\/wp-content\/uploads\/2018\/06\/auto-244x300.jpg 244w, https:\/\/www.bankweb.com\/lit\/wp-content\/uploads\/2018\/06\/auto-768x946.jpg 768w, https:\/\/www.bankweb.com\/lit\/wp-content\/uploads\/2018\/06\/auto.jpg 1559w\" sizes=\"auto, (max-width: 580px) 100vw, 580px\" \/><br \/>\n&nbsp;<br \/>\nNorint \u012fsigyti automobil\u012f paskolos pagalba, Lietuvoje bendrov\u0117s si\u016blo rinktis: pirmuoju atveju, \u012fvertin\u0119 savo finansin\u0119 pad\u0117t\u012f, \u017emon\u0117s gali i\u0161 karto pasira\u0161yti paskolos s\u0105lyg\u0173 sutart\u012f, gauti pinigus ir patys \u012fsigyti automobil\u012f. Antrasis atvejis dar vadinamas \u201eautolizingu\u201c, kuomet automobil\u012f galima \u012fsigyti lizingo pagalba, arba, kitaip tariant \u201eautomobil\u012f \u012fkeisti\u201c.<br \/>\n&nbsp;<br \/>\nSpecialistai \u0161\u012f variant\u0105 apibr\u0117\u017eia tiesiog kaip rizikos valdymo form\u0105, kuomet bendrov\u0117, teikianti paslaug\u0105 autolizingui, \u012f kuri\u0105 kreipiasi klientas, \u012fvertina automobilio rinkos kain\u0105. Jeigu \u0161i kaina atitinka pardavimo vert\u0119, ji automati\u0161kai pervedama pardav\u0117jui ir tampa banko nuosavybe iki kol klientas sumoka vis\u0105 sutartyje su kredito bendrove nustatyt\u0105 sum\u0105.<br \/>\n&nbsp;<br \/>\nDaugeliui besidomin\u010di\u0173j\u0173 tai \u2014 itin patogi paslauga, leid\u017eianti susid\u0117lioti savo finansus ir nuspr\u0119sti, ar automobilio savininku jis nori tapti greitai, ar vis d\u0117lto geriau b\u016bt\u0173 \u0161iek tiek palaukti iki viso paskolos i\u0161mok\u0117jimo.<br \/>\n&nbsp;<br \/>\nI\u0161 pirmo \u017evilgsnio automobilio \u012fsigijimas autolizingu daugeliui atrodo kur kas paprastesnis ir netgi pigesnis. Ta\u010diau nepamir\u0161kite, jog tai \u2014 tik pirmasis \u017evilgsnis ir visuomet reikia kruop\u0161\u010diai ir atid\u017eiai \u012fvertinti sutartyje numatytas s\u0105lygas.<br \/>\n&nbsp;<br \/>\nPavyzd\u017eiui, norint \u012fsigyti automobil\u012f autolizingu, reik\u0117t\u0173 atkreipti d\u0117mes\u012f \u012f vien\u0105 svarb\u0173 aspekt\u0105: tokie automobiliai da\u017eniausiai turi b\u016bti privalomai apdraud\u017eiami Kasko draudimu, ir tai b\u016bna numatyta sutarties s\u0105lygose. Jeigu asmuo vis d\u0117lto nusprend\u017eia \u012fsigyti automobil\u012f ne autolizingo, o paskolos pagalba, tuomet jis pats gali spr\u0119sti d\u0117l automobilio draudimo ir rinktis tok\u012f, kok\u012f pageidauja.<br \/>\n&nbsp;<br \/>\nLyginant \u0161ias dvi automobilio \u012fsigijimo galimybes, \u012fdomu ir tai, jog perkant automobil\u012f paskol\u0173 pagalba, pal\u016bkanos da\u017eniausiai b\u016bna didesn\u0117s, lyginant su autolizingu. Ta\u010diau autolizingo atveju asmuo privalo ne tik \u012fne\u0161ti pradin\u012f \u012fna\u0161\u0105 automobilio \u012fsigijimui, bet ir apdrausti j\u012f papildomai kainuojan\u010diu min\u0117tuoju Kasko draudimu.<br \/>\n&nbsp;<br \/>\nKlient\u0173 patogumui daugelis bendrovi\u0173 prie\u0161 suteikiant paskolas automobiliui taip pat si\u016blo finansines konsultacijas tiek gyvenantiems Lietuvoje, tiek ir dirbantiems u\u017esienyje. Besidomintieji taip pat gali pasinaudoti autolizingo skai\u010diuokl\u0117mis, kurios pad\u0117s priimti pirmin\u012f sprendim\u0105, jeigu ne\u017einote, u\u017e koki\u0105 kain\u0105 ar kok\u012f automobil\u012f nor\u0117tum\u0117te rinktis.<\/p>\n","protected":false},"excerpt":{"rendered":"<p>Paskolos automobiliams Lietuvoje Pastaraisiais metais Lietuvoje itin padaug\u0117jo reklam\u0173, susijusi\u0173 su paskolomis bei greitaisiais kreditais. \u017emon\u0117s, susid\u016br\u0119 su didesniais poreikiais, bet tuo konkre\u010diu metu turintys ma\u017eesnes finansines galimybes, vis da\u017eniau apsvarsto paskol\u0173 \u0117mimo variantus, kurie, regis, yra paprasti ir greitai [&hellip;]<\/p>\n","protected":false},"author":1,"featured_media":0,"parent":0,"menu_order":0,"comment_status":"closed","ping_status":"closed","template":"","meta":{"footnotes":""},"class_list":["post-5544","page","type-page","status-publish","hentry"],"yoast_head":"<!-- This site is optimized with the Yoast SEO plugin v19.3 - https:\/\/yoast.com\/wordpress\/plugins\/seo\/ -->\n<title>Kaip gauti automobilio paskol\u0105 internetu? Palyginkite \u010dia - Bankweb.com<\/title>\n<meta name=\"description\" content=\"Paskola u\u017estatant automobil\u012f. Lengvai suteikiama, pinigai per 1 dien\u0105. Automobilis lieka Tavo \u017einioje. Paskola iki 6 met\u0173 ir iki 90 % automobilio vert\u0117s.\" \/>\n<meta name=\"robots\" content=\"index, follow, max-snippet:-1, max-image-preview:large, max-video-preview:-1\" \/>\n<link rel=\"canonical\" href=\"https:\/\/www.bankweb.com\/lit\/automobiliams\/\" \/>\n<meta name=\"twitter:card\" content=\"summary\" \/>\n<meta name=\"twitter:title\" content=\"Kaip gauti automobilio paskol\u0105 internetu? Palyginkite \u010dia - Bankweb.com\" \/>\n<meta name=\"twitter:description\" content=\"Paskola u\u017estatant automobil\u012f. Lengvai suteikiama, pinigai per 1 dien\u0105. Automobilis lieka Tavo \u017einioje. Paskola iki 6 met\u0173 ir iki 90 % automobilio vert\u0117s.\" \/>\n<meta name=\"twitter:image\" content=\"https:\/\/www.bankweb.com\/lit\/wp-content\/uploads\/2018\/06\/auto2.png\" \/>\n<meta name=\"twitter:label1\" content=\"Ber\u00e4knad l\u00e4stid\" \/>\n\t<meta name=\"twitter:data1\" content=\"6 minuter\" \/>\n<script type=\"application\/ld+json\" class=\"yoast-schema-graph\">{\"@context\":\"https:\/\/schema.org\",\"@graph\":[{\"@type\":\"WebSite\",\"@id\":\"https:\/\/www.bankweb.com\/lit\/#website\",\"url\":\"https:\/\/www.bankweb.com\/lit\/\",\"name\":\"Bankweb.com\",\"description\":\"\",\"potentialAction\":[{\"@type\":\"SearchAction\",\"target\":{\"@type\":\"EntryPoint\",\"urlTemplate\":\"https:\/\/www.bankweb.com\/lit\/?s={search_term_string}\"},\"query-input\":\"required name=search_term_string\"}],\"inLanguage\":\"sv-SE\"},{\"@type\":\"ImageObject\",\"inLanguage\":\"sv-SE\",\"@id\":\"https:\/\/www.bankweb.com\/lit\/automobiliams\/#primaryimage\",\"url\":\"https:\/\/www.bankweb.com\/lit\/wp-content\/uploads\/2018\/06\/auto2.png\",\"contentUrl\":\"https:\/\/www.bankweb.com\/lit\/wp-content\/uploads\/2018\/06\/auto2.png\",\"width\":1920,\"height\":1062,\"caption\":\"Paskolos automobiliams\"},{\"@type\":\"WebPage\",\"@id\":\"https:\/\/www.bankweb.com\/lit\/automobiliams\/\",\"url\":\"https:\/\/www.bankweb.com\/lit\/automobiliams\/\",\"name\":\"Kaip gauti automobilio paskol\u0105 internetu? Palyginkite \u010dia - Bankweb.com\",\"isPartOf\":{\"@id\":\"https:\/\/www.bankweb.com\/lit\/#website\"},\"primaryImageOfPage\":{\"@id\":\"https:\/\/www.bankweb.com\/lit\/automobiliams\/#primaryimage\"},\"datePublished\":\"2018-06-13T11:27:56+00:00\",\"dateModified\":\"2022-07-18T10:35:29+00:00\",\"description\":\"Paskola u\u017estatant automobil\u012f. Lengvai suteikiama, pinigai per 1 dien\u0105. Automobilis lieka Tavo \u017einioje. Paskola iki 6 met\u0173 ir iki 90 % automobilio vert\u0117s.\",\"breadcrumb\":{\"@id\":\"https:\/\/www.bankweb.com\/lit\/automobiliams\/#breadcrumb\"},\"inLanguage\":\"sv-SE\",\"potentialAction\":[{\"@type\":\"ReadAction\",\"target\":[\"https:\/\/www.bankweb.com\/lit\/automobiliams\/\"]}]},{\"@type\":\"BreadcrumbList\",\"@id\":\"https:\/\/www.bankweb.com\/lit\/automobiliams\/#breadcrumb\",\"itemListElement\":[{\"@type\":\"ListItem\",\"position\":1,\"name\":\"Hem\",\"item\":\"https:\/\/www.bankweb.com\/lit\/\"},{\"@type\":\"ListItem\",\"position\":2,\"name\":\"automobiliams\"}]}]}<\/script>\n<!-- \/ Yoast SEO plugin. -->","yoast_head_json":{"title":"Kaip gauti automobilio paskol\u0105 internetu? Palyginkite \u010dia - Bankweb.com","description":"Paskola u\u017estatant automobil\u012f. Lengvai suteikiama, pinigai per 1 dien\u0105. Automobilis lieka Tavo \u017einioje. Paskola iki 6 met\u0173 ir iki 90 % automobilio vert\u0117s.","robots":{"index":"index","follow":"follow","max-snippet":"max-snippet:-1","max-image-preview":"max-image-preview:large","max-video-preview":"max-video-preview:-1"},"canonical":"https:\/\/www.bankweb.com\/lit\/automobiliams\/","twitter_card":"summary","twitter_title":"Kaip gauti automobilio paskol\u0105 internetu? Palyginkite \u010dia - Bankweb.com","twitter_description":"Paskola u\u017estatant automobil\u012f. Lengvai suteikiama, pinigai per 1 dien\u0105. Automobilis lieka Tavo \u017einioje. Paskola iki 6 met\u0173 ir iki 90 % automobilio vert\u0117s.","twitter_image":"https:\/\/www.bankweb.com\/lit\/wp-content\/uploads\/2018\/06\/auto2.png","twitter_misc":{"Ber\u00e4knad l\u00e4stid":"6 minuter"},"schema":{"@context":"https:\/\/schema.org","@graph":[{"@type":"WebSite","@id":"https:\/\/www.bankweb.com\/lit\/#website","url":"https:\/\/www.bankweb.com\/lit\/","name":"Bankweb.com","description":"","potentialAction":[{"@type":"SearchAction","target":{"@type":"EntryPoint","urlTemplate":"https:\/\/www.bankweb.com\/lit\/?s={search_term_string}"},"query-input":"required name=search_term_string"}],"inLanguage":"sv-SE"},{"@type":"ImageObject","inLanguage":"sv-SE","@id":"https:\/\/www.bankweb.com\/lit\/automobiliams\/#primaryimage","url":"https:\/\/www.bankweb.com\/lit\/wp-content\/uploads\/2018\/06\/auto2.png","contentUrl":"https:\/\/www.bankweb.com\/lit\/wp-content\/uploads\/2018\/06\/auto2.png","width":1920,"height":1062,"caption":"Paskolos automobiliams"},{"@type":"WebPage","@id":"https:\/\/www.bankweb.com\/lit\/automobiliams\/","url":"https:\/\/www.bankweb.com\/lit\/automobiliams\/","name":"Kaip gauti automobilio paskol\u0105 internetu? Palyginkite \u010dia - Bankweb.com","isPartOf":{"@id":"https:\/\/www.bankweb.com\/lit\/#website"},"primaryImageOfPage":{"@id":"https:\/\/www.bankweb.com\/lit\/automobiliams\/#primaryimage"},"datePublished":"2018-06-13T11:27:56+00:00","dateModified":"2022-07-18T10:35:29+00:00","description":"Paskola u\u017estatant automobil\u012f. Lengvai suteikiama, pinigai per 1 dien\u0105. Automobilis lieka Tavo \u017einioje. Paskola iki 6 met\u0173 ir iki 90 % automobilio vert\u0117s.","breadcrumb":{"@id":"https:\/\/www.bankweb.com\/lit\/automobiliams\/#breadcrumb"},"inLanguage":"sv-SE","potentialAction":[{"@type":"ReadAction","target":["https:\/\/www.bankweb.com\/lit\/automobiliams\/"]}]},{"@type":"BreadcrumbList","@id":"https:\/\/www.bankweb.com\/lit\/automobiliams\/#breadcrumb","itemListElement":[{"@type":"ListItem","position":1,"name":"Hem","item":"https:\/\/www.bankweb.com\/lit\/"},{"@type":"ListItem","position":2,"name":"automobiliams"}]}]}},"_links":{"self":[{"href":"https:\/\/www.bankweb.com\/lit\/wp-json\/wp\/v2\/pages\/5544","targetHints":{"allow":["GET"]}}],"collection":[{"href":"https:\/\/www.bankweb.com\/lit\/wp-json\/wp\/v2\/pages"}],"about":[{"href":"https:\/\/www.bankweb.com\/lit\/wp-json\/wp\/v2\/types\/page"}],"author":[{"embeddable":true,"href":"https:\/\/www.bankweb.com\/lit\/wp-json\/wp\/v2\/users\/1"}],"replies":[{"embeddable":true,"href":"https:\/\/www.bankweb.com\/lit\/wp-json\/wp\/v2\/comments?post=5544"}],"version-history":[{"count":6,"href":"https:\/\/www.bankweb.com\/lit\/wp-json\/wp\/v2\/pages\/5544\/revisions"}],"predecessor-version":[{"id":5609,"href":"https:\/\/www.bankweb.com\/lit\/wp-json\/wp\/v2\/pages\/5544\/revisions\/5609"}],"wp:attachment":[{"href":"https:\/\/www.bankweb.com\/lit\/wp-json\/wp\/v2\/media?parent=5544"}],"curies":[{"name":"wp","href":"https:\/\/api.w.org\/{rel}","templated":true}]}}